d 3.
1
Let u be (-2891)/(-295) + (-1)/(-5). Let r = u - -56. What is the highest common factor of r and 165?
33
Suppose 30960 = -71*t + 136*t - 50*t. Calculate the greatest common factor of 912 and t.
48
Suppose 7*t + 2*b = 2*t - 257, -5*b = -5*t - 250. Let o = t + 35. Let k be 47 - (12/20 - o/(-10)). Calculate the highest common factor of 32 and k.
16
Let x be (81/(-9))/((-2)/90). Suppose 25*s = 20*s + x. What is the greatest common factor of s and 9?
9
Suppose 0 = -25*o - 32*o + 1140. What is the greatest common divisor of o and 20?
20
Suppose -3602 - 8410 = -52*w. What is the highest common factor of 987 and w?
21
Suppose -5*m + 105 = -80. Let n be 2 - (-3)/(-3) - 590. Let w be n/(-2) + (-12)/(-8). What is the greatest common factor of m and w?
37
Let v be 120944*12/1536 + (1/8)/1. What is the highest common factor of 105 and v?
105
Let n(p) = 213*p**3 - p**2 - 28*p + 29. Let d be n(1). Calculate the highest common divisor of 2 and d.
1
Let m be (-936890)/(-60) + 11 + (7/6 - 2). What is the highest common factor of 25 and m?
25
Let n = 7215 + -6183. Calculate the highest common divisor of n and 12.
12
Let s(a) = -100*a + 3450. Let d be s(28). Calculate the greatest common divisor of d and 4420.
130
Suppose 238 = -2373*d + 2380*d. Let y(s) = -s**2 - 11*s + 4. Let j be y(-6). What is the greatest common factor of j and d?
34
Let s = -39151 + 40977. What is the highest common factor of s and 3818?
166
Suppose -70*z - 94*z + 391384 = 318*z. What is the greatest common divisor of z and 476?
28
Suppose -36 = -2*j + 5*n - 24, 4*n = -2*j + 84. Let g(i) = -12*i + 8. Let d be g(-8). What is the highest common factor of d and j?
26
Suppose 1976 = a - 66*o + 70*o, 4*a - 7885 = 3*o. What is the highest common divisor of 1160 and a?
116
Suppose 72*d - 79055 = 171793. Calculate the highest common factor of d and 208.
52
Let a(i) = 7*i - 21. Let j be a(6). Let z(u) = u**2 - 6*u + 5. Let s be z(8). What is the highest common factor of s and j?
21
Suppose 10 = -9*b + 4*b. Let y be b + -3 + 5 - -22. What is the greatest common divisor of y and 143?
11
Suppose 16*q - 2774 = -3*q. Suppose -i + 28 = b, -i = 4*b - 9*b + q. Let x(k) = 9*k**2 + 1. Let w be x(4). Calculate the greatest common divisor of w and b.
29
Let m be (-133)/19 + 1147 + -19. Calculate the greatest common factor of m and 19.
19
Suppose -14*y - 13398 = -101*y. What is the greatest common divisor of 550 and y?
22
Suppose -450*y + 15680116 = 205066. What is the greatest common divisor of y and 9?
9
Let s(q) = -q**3 + 24*q**2 + 36*q - 112. Let d be s(25). Suppose -4*m - 5*n + d = 0, -5*n - 17 - 156 = -4*m. What is the greatest common divisor of m and 28?
14
Suppose -12*j + 9*j = -10*j. Suppose -106*y + 101*y + 350 = j. Calculate the greatest common divisor of 385 and y.
35
Suppose -392 = 7*v - 406. Let w be (60/(-8) + 7)/(v/(-8)). Let h be (0 - (-2)/(-1))*-4. What is the greatest common divisor of h and w?
2
Let d(s) = -2*s**3 - 4*s**2 - 41*s + 180. Let j be d(-8). What is the greatest common divisor of 572 and j?
44
Let s(c) = 1 - 2*c + 2 + 41*c. Let h be s(2). Let q(o) = 2*o**3 - 3*o**2 + 4*o - 3. Let i be q(2). What is the highest common factor of i and h?
9
Suppose -435*g = -429*g - 1044. Let l be (g/18 - 9)*4977/6. Calculate the greatest common divisor of 79 and l.
79
Let q(w) = 88*w + 536. Let v be q(-2). Calculate the greatest common factor of 468 and v.
36
Let d be (-13484)/24 + 2/(-12). Let z be (-2)/14 + d/(-14). Suppose 4*w = -r + 32, -3*r + 68 = 10*w - 5*w. Calculate the greatest common factor of r and z.
8
Let a(t) = 7*t**3 - t**2 - 4*t + 5. Let h(f) = 2*f**3 + 8*f**2 - 7*f + 17. Let j be h(-5). Let x be a(j). Calculate the greatest common factor of x and 49.
49
Suppose -1110 = -10*s - 30. Calculate the highest common factor of s and 5454.
54
Suppose 58*d + 27*d - 2890 = 0. Calculate the highest common factor of 5814 and d.
34
Suppose 12601 - 13111 = -30*n. Calculate the highest common divisor of n and 28322.
17
Suppose -36*b = 4677 - 6081. Let a = -5 + 7. Suppose -h - a*h = -117. What is the greatest common factor of h and b?
39
Let p(i) = -i**2 + 18*i - 11. Let z be (-74)/(-5) + 2/10. Let c be p(z). What is the highest common factor of c and 17?
17
Let f(k) = -k**3 - 19*k**2 + 77*k + 593. Let s be f(-22). What is the highest common factor of 135 and s?
27
Suppose -2*i - 2*q + 296 = 0, -4*q - 1179 = -5*i - 403. Let u = 675 + -447. What is the greatest common divisor of u and i?
76
Suppose -11*u + 7795 = 1525. Let a = u - 490. What is the greatest common divisor of 80 and a?
80
Suppose -416 = -4*p + 5*d, -p + 4*d + 104 = 5*d. Suppose 8805*b - 2343 - 361 = 8697*b + 1616. What is the highest common divisor of b and p?
8
Let o = 2962 - 2957. What is the highest common factor of o and 5870?
5
Let n be -1 + (-700)/12 + 3/9. Let i = n + 61. Suppose 2*q = 0, 2*q = -5*c + i*c + 24. Calculate the greatest common factor of c and 1.
1
Let x be (-19*7/21 + 6)*33. Let s be x/(-231) + (-208)/(-42). Let d = -10 + 30. Calculate the greatest common divisor of s and d.
5
Let o = -425 - -429. Suppose 3 = -p + 67. Suppose a - 5*a - 4*q + p = 0, 5*q - 56 = -3*a. What is the highest common divisor of o and a?
4
Suppose m = 4*r - 0*r - 461, 4*r - 5*m - 449 = 0. Let d = r + -110. What is the highest common factor of 102 and d?
6
Let x be -2*1 + 2 + 4. Suppose -3*a - 6 = -2*y + 6, 2*y + x*a = 12. Let f = 128484 + -128482. Calculate the greatest common factor of f and y.
2
Suppose s + 2*f - 16 = 0, -2*f = -5*s + f + 119. Let t be (807/12)/(5/(-20)). Let y = -181 - t. What is the highest common divisor of y and s?
22
Let r be -263 + 255 + (0 - -425). What is the greatest common factor of 3197 and r?
139
Let t be 5 + -4 - (0 + 4) - -5. Suppose -7*a + 12*a = x, t*a = 4*x. Let v be 5 - x/(2/(0 + -2)). Calculate the greatest common divisor of v and 35.
5
Suppose 0 = -4276*n + 4262*n + 101346. Calculate the greatest common factor of 171 and n.
57
Suppose 3*v - j - 140 = 0, -13*j = 3*v - 15*j - 142. Calculate the greatest common divisor of v and 506.
46
Suppose -16*g + 362 = 26. Let o(y) = 41*y - 14. Let k be o(g). Calculate the greatest common divisor of 77 and k.
77
Suppose 0 = -4*r + 2*n + 114, -3*r - 747*n + 110 = -745*n. What is the highest common factor of 48384 and r?
32
Let p be 0/((4 - -6)/(-5)). Suppose 8*v + 7 - 7 = p. Let x be (-20)/3*(v + (-9)/6). Calculate the highest common factor of x and 40.
10
Suppose 4*d + 8 = 2*z, 80*z + 2*d + 22 = 84*z. Suppose -q - 10 = -3*h + 19, -3*q - z = 0. What is the highest common factor of 873 and h?
9
Suppose 683 - 128 = 185*f. What is the highest common factor of 144 and f?
3
Let u(q) = q**2 + 4*q - 1. Let t be u(5). Let m = -1511 + 1577. Calculate the highest common factor of m and t.
22
Suppose 0 = -2*d - 3*d + 15. Let x(b) = 2*b**2 - 2 + 3 + 2 - 4*b. Let g be x(d). Calculate the highest common factor of g and 63.
9
Let h(o) = 519*o**2 + 62*o - 51. Let r be h(1). What is the highest common factor of r and 130?
10
Suppose -19*x = -5*n - 18*x + 3672, -738 = -n - x. Let m = -715 + n. Calculate the highest common factor of m and 380.
20
Let o(g) = -g + 7. Let h be o(5). Let c be 24 + (1 - 2) - h. Let t be 26 - 14*(-72)/63. Calculate the highest common divisor of c and t.
21
Let i = 39 + -19. Suppose 0 = 4*h + 4*x + 3 + 5, 1 = -4*h + 3*x. Let z be 0 + 9 - (6/(-3) - h). What is the greatest common factor of i and z?
10
Suppose 218 = 3*x - 3*g + 41, -2*g = x - 44. Let t be 2/((48/18)/8). Calculate the greatest common divisor of t and x.
6
Suppose -10*j + 330 = 23*j. Let s = j + 420. What is the greatest common factor of 10 and s?
10
Suppose -r + 71190 = 29*r. Suppose -10*i = -r - 1177. What is the highest common factor of i and 71?
71
Suppose 2*i - 2*l - 26 = 0, -12 = -4*i - 698*l + 697*l. What is the greatest common divisor of 3885 and i?
5
Let n be ((-68)/(-20))/(2/10). Suppose -4*r + 740 = -4*m, 2*m + 744 = -4*r + 8*r. What is the highest common divisor of r and n?
17
Let r(k) = 2*k + 3*k + 51*k - 6 - k. Let p be r(1). Let u = 85 - p. What is the greatest common divisor of 36 and u?
36
Suppose -2*h = 12*h - 1386. Suppose 4*f = f + h. Calculate the greatest common factor of f and 55.
11
Let n be 2 + -6 + (-9)/(2 + -5). Let l(f) = -31*f - 2. Let b be l(n). What is the 